s 13 + 1?
14
In base 6, what is -5 - -50?
41
In base 8, what is 104 + -24?
60
In base 4, what is -10 + -1023?
-1033
In base 3, what is -1010110 + -10?
-1010120
In base 2, what is 1 + -10110000100?
-10110000011
In base 4, what is -21 + 133?
112
In base 3, what is -1120 + -11?
-1201
In base 6, what is -13501 + 20?
-13441
In base 9, what is -1113 + 15?
-1087
In base 2, what is -100101 - 101?
-101010
In base 12, what is -4 + 1125?
1121
In base 8, what is 22 - -110?
132
In base 13, what is 4 - a4?
-a0
In base 8, what is 3 + 3511?
3514
In base 8, what is 6173 - -4?
6177
In base 7, what is 161 + 4?
165
In base 16, what is -177 + -1?
-178
In base 11, what is -2 - -3?
1
In base 10, what is -8 - -4?
-4
In base 10, what is 10 + -72?
-62
In base 16, what is -13b + 2?
-139
In base 16, what is 3f9 + b?
404
In base 14, what is 7130 - -4?
7134
In base 14, what is -1 + 589?
588
In base 3, what is 10 + -2112?
-2102
In base 4, what is 1 + 1010300?
1010301
In base 13, what is -3 + -380?
-383
In base 7, what is -14146 + 4?
-14142
In base 16, what is c + -8?
4
In base 2, what is -111100000 + -111?
-111100111
In base 8, what is 1062 - -3?
1065
In base 4, what is -32 - 30?
-122
In base 13, what is 3 + -c2?
-bc
In base 16, what is -45 - -21?
-24
In base 2, what is -1000100 + 11110100?
10110000
In base 8, what is -3 + 54?
51
In base 5, what is 10 - -1111?
1121
In base 14, what is -5bd - -3?
-5ba
In base 5, what is 123412 - -1?
123413
In base 16, what is -26 + 3?
-23
In base 10, what is -55 + -8?
-63
In base 12, what is -b8 - -2?
-b6
In base 8, what is -334 - -5?
-327
In base 3, what is -212 + 200212?
200000
In base 4, what is -1021 - 2011?
-3032
In base 7, what is 2361 + -2?
2356
In base 8, what is -5 + 117?
112
In base 16, what is -4 - -10ef?
10eb
In base 11, what is -4 - -18?
14
In base 14, what is 1ac - -5?
1b3
In base 10, what is 4 + -479?
-475
In base 9, what is 2 - 20?
-17
In base 9, what is 4 + 103?
107
In base 6, what is 2 - -542?
544
In base 7, what is -105506 + -4?
-105513
In base 9, what is -472 - -4?
-467
In base 5, what is -4000 - -3?
-3442
In base 10, what is -16 - -170?
154
In base 9, what is -17 + -101?
-118
In base 11, what is -47 + -10?
-57
In base 12, what is -1569 + 4?
-1565
In base 4, what is 33 + 32?
131
In base 7, what is 305 + -10?
265
In base 7, what is -251 - 5?
-256
In base 14, what is -3 + -88?
-8b
In base 2, what is 1001001101 - 10?
1001001011
In base 9, what is 540 + 3?
543
In base 2, what is 11 - -110011?
110110
In base 16, what is 148 - 13?
135
In base 11, what is 1038 + -3?
1035
In base 15, what is 5b - -6?
62
In base 8, what is 14 - -2137?
2153
In base 6, what is -1 - 52?
-53
In base 13, what is -27 - 72?
-99
In base 9, what is 537 + -2?
535
In base 9, what is -14 - 50?
-64
In base 12, what is -2 - -77?
75
In base 15, what is 2 + 256?
258
In base 13, what is -7 + 11?
7
In base 9, what is -12 - -1?
-11
In base 3, what is 21 + -1112?
-1021
In base 2, what is 1 - 11001?
-11000
In base 4, what is -2033 + 3?
-2030
In base 2, what is -10 - 1111100?
-1111110
In base 2, what is -111 - 10000?
-10111
In base 15, what is -ca - 0?
-ca
In base 13, what is 3c - -31?
70
In base 8, what is 704 - -3?
707
In base 3, what is -2100 + 211?
-1112
In base 9, what is -263 - 3?
-266
In base 2, what is 10100001 - -111?
10101000
In base 4, what is 133 - 0?
133
In base 13, what is 1 - 43b?
-43a
In base 5, what is 343 - -40?
433
In base 8, what is 5 - -1046?
1053
In base 15, what is 1 - -7?
8
In base 3, what is -21111 - -1?
-21110
In base 13, what is -a + -121?
-12b
In base 8, what is -334 + 3?
-331
In base 7, what is -3 - -1464?
1461
In base 10, what is -3 + 145?
142
In base 2, what is 100 + 100?
1000
In base 8, what is -6 - 56?
-64
In base 16, what is 30 - -46?
76
In base 13, what is 1756 - -1?
1757
In base 14, what is -d1 - -1?
-d0
In base 14, what is -4 - -3?
-1
In base 2, what is -10001111111101 + -11?
-10010000000000
In base 16, what is c - 7?
5
In base 12, what is 6113 + -2?
6111
In base 10, what is 225 + 0?
225
In base 4, what is 31 + -2?
23
In base 9, what is -17 - -26?
8
In base 16, what is -96 + 0?
-96
In base 7, what is -133 + -144?
-310
In base 11, what is -12 - 13?
-25
In base 8, what is 11 + -20?
-7
In base 9, what is 780 + -4?
775
In base 16, what is 380 - -1?
381
In base 7, what is -3 - 366?
-402
In base 3, what is 11 - 10221?
-10210
In base 15, what is 46b + -3?
468
In base 11, what is 26 - 23?
3
In base 10, what is 2299 + 3?
2302
In base 6, what is -455 + 300?
-155
In base 12, what is -2 + 54?
52
In base 11, what is 3 - -a?
12
In base 15, what is 1 + 94?
95
In base 16, what is 72 + 10?
82
In base 7, what is -16 + -53?
-102
In base 2, what is 1111111 + -11010?
1100101
In base 6, what is -30233 + 5?
-30224
In base 9, what is 3 - -48?
52
In base 5, what is -2322 + -2?
-2324
In base 10, what is -6739 + -3?
-6742
In base 11, what is 263 + 1?
264
In base 16, what is 1d + 30?
4d
In base 9, what is 2 - -225?
227
In base 12, what is 65 - 4?
61
In base 12, what is -1 + a94?
a93
In base 15, what is -4 + 5?
1
In base 10, what is 4 - -68?
72
In base 14, what is 1715 - -5?
171a
In base 2, what is -11001 - 0?
-11001
In base 7, what is -105 + -5?
-113
In base 13, what is 189 - -2?
18b
In base 13, what is 335 - -2?
337
In base 15, what is -169 - 3?
-16c
In base 12, what is 25 - 3a?
-15
In base 10, what is 15 - 3?
12
In base 10, what is 3 + -406?
-403
In base 2, what is -1000000001 - -100?
-111111101
In base 13, what is 95 - 3?
92
In base 8, what is -2 - 161?
-163
In base 14, what is 75 - -3?
78
In base 12, what is 1 + 218?
219
In base 16, what is 2c + -3?
29
In base 16, what is 54 + 74?
c8
In base 13, what is 289 + -1a?
26c
In base 7, what is 1103 + 1?
1104
In base 12, what is 3 - 18?
-15
In base 12, what is -1b9 + 0?
-1b9
In base 15, what is -86 + 5?
-81
In base 5, what is 1303 - -301?
2104
In base 3, what is 10100 - -22?
10122
In base 2, what is -1010 + -1?
-1011
In base 7, what is 1 + -1614?
-1613
In base 5, what is -23 + 32?
4
In base 11, what is -1 - -151?
150
In base 5, what is 13 + 1031?
1044
In base 15, what is -2 + 3a?
38
In base 15, what is -2 - db0?
-db2
In base 11, what is -1109 - -2?
-1107
In base 6, what is -1 + 24?
23
In base 7, what is -21 - -666?
645
In base 4, what is 110 - 223?
-113
In base 11, what is 5 + -1a39?
-1a34
In base 15, what is -3 - -48?
45
In base 4, what is 1213 + -2022?
-203
In base 4, what is -10 + -303?
-313
In base 7, what is -51 + 142?
61
In base 5, what is 32023 + -10?
32013
In base 13, what is -24 - 129?
-150
In base 2, what is -101 - 1?
-110
In base 5, what is 1342 + 234?
2131
In base 11, what is -4 + -802?
-806
In base 14, what is 387 + 4?
38b
In base 14, what is aa - -41?
10b
In base 14, what is -2 + -23d2?
-23d4
In base 13, what is 16b + 9?
177
In base 5, what is 2 + -304?
-302
In base 4, what is 10012 + 3?
10021
In base 15, what is -5 + -27?
-2c
In base 7, what is -1 + -240?
-241
In base 8, what is -13 - -326?
313
In base 11, what is -31 - 0?
-31
In base 11, what is -a + -9?
-18
In base 16, what is -9f + 1e?
-81
In base 15, what is 338 + -2?
336
In base 15, what is 0 + -7?
-7
In base 12, what is 375 + 2?
377
In base 8, what is 11 - 460?
-447
In base 7, what is 10 + 50?
60
In base 10, what is 3 - 325?
-322
In base 15, what is -2 - 32?
-34
In base 5, what is -21 - 22?
-43
In base 4, what is -11 + 113?
102
In base 9, what is 11 + -35?
-24
In base 10, what is 7 - -48?
55
In base 4, what is 3 + -11310?
-11301
In base 2, what is 100000 - -1000110?
1100110
In base 7, what is -4 - -15?
11
In base 15, what is e - 47?
-38
In base 16, what is -280 + -5?
-285
In base 13, what is 13a2 + 0?
13a2
In base 11, what is 7 + 181?
188
In base 3, what is -21 - -10211?
10120
In base 2, what is -10100011 - 11?
-10100110
In base 7, what is -20 - -1362?
1342
In base 13, what is -200 - a?
-20a
In base 11, what is 5 + -19?
-14
In base 10, what is 3 - 1039?
-1036
In base 6, what is -52 + 113?
21
In base 14, what is 34 - 33?
1
In base 7, what is 35 + -31?
4
In base 12, what is -2 - 45?
-47
In base 2, what is -1100 - -10011?
111
In base 15, what is 3 + 2ee?
302
In base 14, what is -3 + 169?
166
In base 11, what is 15 + -14?
1
In base 6, what is 1100 + 3?
1103
In base 2, what is -101011100011 + 101?
-101011011110
In base 13, what is -6738 + -1?
